the highest common factor of 8 and o.
2
Let d = -46 + 69. Suppose 2*m - 5*w + 10*w = d, -5*w + 37 = 3*m. What is the highest common factor of m and 112?
14
Let o(h) = -40*h - 13. Let m(g) = 13*g + 4. Let t(r) = -8*m(r) - 3*o(r). Let a be t(7). Calculate the greatest common factor of a and 17.
17
Let n = 115 - -144. Calculate the highest common divisor of 37 and n.
37
Let j(t) = -11*t + 8. Let o be -2*(4 + -6) + -9. Let h be j(o). What is the greatest common factor of h and 9?
9
Suppose 0 = 3*l + l. Suppose l = 5*x + c + 94, 5*x = 3*c - 101 + 23. Let j = x - -66. What is the greatest common divisor of j and 6?
6
Suppose -36*y - 17*y - 3*y = -3920. Suppose 0 = -3*c - 0*c + 21. Calculate the greatest common factor of c and y.
7
Let f = 162 - 147. What is the greatest common divisor of f and 185?
5
Suppose 34*q - 38*q = -36. Calculate the highest common divisor of 189 and q.
9
Suppose 59 = 4*n - m, -5*m = 3*n + 2*n - 105. Suppose 18 = o - n. What is the greatest common divisor of o and 34?
34
Let h = -1 + 21. Let s be 4/h - (-198)/10. Suppose -5*v + 2*c + 0*c = -65, 0 = 3*v - 5*c - s. Calculate the greatest common factor of 60 and v.
15
Let q(h) = h**3 - 32*h**2 - 56*h - 148. Let b be q(34). What is the highest common factor of b and 104?
52
Suppose 22 = 2*a - 30. Let d be 76 - (-7 - (-1 + -2)). Let v = d - 28. Calculate the highest common factor of v and a.
26
Let c be (-45)/10*(-56)/6. Calculate the greatest common divisor of 798 and c.
42
Suppose -4*y = -0*y - 124. Let b = 83 - 80. Suppose m = u + y, 2*u - 42 = m - b*m. What is the greatest common factor of 65 and m?
13
Let z be (-2)/(-2 + 3)*(-6)/2. Suppose 0*v = z*v - 60. What is the greatest common divisor of 80 and v?
10
Suppose p + 3*p + o = 12, 0 = 5*o - 20. Suppose -v - 8 = 4*n, -5*v - p + 0 = n. Suppose v = -0*f - 3*f + 297. What is the greatest common divisor of 9 and f?
9
Let d(k) = k**3 - 10*k**2 + 8*k. Let u be d(9). Let l be 1/(1/13) + u + 12. Calculate the highest common factor of 16 and l.
16
Let f(g) = -3*g + 6. Let c(i) = 3*i + 2. Let z be c(-1). Let t be f(z). Let b = -1 - -4. Calculate the highest common factor of b and t.
3
Suppose -535 = -21*h - 31. Calculate the highest common factor of 108 and h.
12
Let t be (-22)/4 - (-10)/20. Let m = -37 - t. Let x = -24 - m. What is the highest common factor of 16 and x?
8
Let m = 82 + 156. Calculate the highest common factor of m and 14.
14
Suppose -3*o + 2*h = 39, 2*o - 2*h = -0*o - 24. Let c = o + 11. Let m be (-3 + c/(-12))*-3. Calculate the highest common divisor of 8 and m.
8
Let m(o) = o**2 - 1. Let q be m(9). Let i(j) = 3*j + j**3 - 6*j**2 - 2 + 3 + 5 - 4. Let x be i(6). What is the highest common divisor of q and x?
20
Let z = 38 - 24. Suppose 5*p - 16 = z. Let o be (2/p)/(12/36). Calculate the greatest common divisor of 1 and o.
1
Suppose 15 = z - 2*z. Let c = 5 - z. Let s be 107640/2700 - (0 + (-2)/15). What is the highest common factor of s and c?
20
Let v(t) = -2*t + 1. Let q be v(3). Let m be (-1 - 2 - q)*-2. Let w(d) = -d**3 - 2*d**2 + 4*d - 4. Let i be w(m). What is the highest common factor of 24 and i?
12
Let g(h) = h - 27. Let v be g(29). What is the greatest common factor of 19 and v?
1
Let f be ((-144)/30 + 4)/((-1)/35). Let z(a) = a**3 - 28*a**2 - a + 31. Let p be z(f). Calculate the greatest common divisor of p and 6.
3
Let x = -14 - 27. Let w = -20 - x. Calculate the greatest common factor of w and 147.
21
Suppose -1848 = -247*y + 226*y. Let a(n) = n + 1. Let r be a(7). What is the highest common factor of r and y?
8
Suppose 67 = 3*x + x + o, x - o = 13. Suppose -b + 0*b = -2*w - x, 0 = -4*b + 3*w + 64. What is the greatest common factor of b and 24?
8
Suppose -15*m - l + 198 = -10*m, -2*l = -4*m + 164. What is the highest common factor of m and 14?
2
Suppose -32*z = 43*z - 11100. What is the greatest common divisor of z and 1258?
74
Let h = -135 + 146. What is the greatest common divisor of h and 429?
11
Let u be (-63)/(-14)*160/15. What is the greatest common factor of 6 and u?
6
Suppose -3*d = -4*j + 3796, -22*j + 3796 = -18*j + 3*d. Calculate the highest common factor of 73 and j.
73
Let n(f) = 2*f**2 + f - 69. Let j be n(7). What is the greatest common divisor of j and 72?
36
Suppose -31*l - 214 = -11002. Calculate the greatest common factor of 261 and l.
87
Let w(q) = -2*q**2 + q**3 + 18*q + 3 - 17*q + 15. Let k be w(0). What is the highest common factor of 162 and k?
18
Suppose -g + 58 = 3*d + 3*g, 4*d - 60 = -g. Calculate the highest common factor of 364 and d.
14
Let f(d) = -3*d**2 - 13*d + 10. Let t be f(-6). Let u = -10 - t. What is the highest common divisor of u and 90?
10
Let u(x) = 2*x**2 + 2*x + 2. Let k be u(-3). Let a be 61 - 1/((-1)/2). Let i = a + -42. Calculate the highest common divisor of i and k.
7
Suppose 5*o + 64 = 4*d, 2 + 14 = d - 4*o. Let c(p) = -8*p + 5. Let n be c(-1). Suppose n - 77 = -8*m. What is the highest common divisor of m and d?
8
Suppose -40 = -7*r - 12. Suppose r*x = -4*p + 72, -x + 5*p - 6 = 6. What is the highest common divisor of x and 104?
13
Suppose -6*f + 33 = -3*f. Let h be (-1)/3*(3 + -3 + -3). Let o = h + 10. What is the highest common factor of f and o?
11
Suppose -t + 845 = 5*g + 3*t, 0 = g + 3*t - 180. What is the highest common divisor of 45 and g?
15
Let b be 4/5*2115/282. Let t = 25 - 13. Calculate the greatest common divisor of t and b.
6
Let u(k) = k**2 - 4*k - 8. Let l be u(6). Suppose 0*w - l*w = -88. Calculate the greatest common divisor of 242 and w.
22
Suppose 684 = 12*t - 504. Calculate the highest common divisor of t and 63.
9
Suppose 0 = -2*x + 3*g + 14, -7*x + 3*x = -5*g - 32. Calculate the highest common divisor of x and 208.
13
Let t = 244 - 125. Let g be 19 + -1 + -1 + 0. What is the greatest common factor of g and t?
17
Let k = -1273 - -1819. What is the highest common factor of 42 and k?
42
Let y(z) = z**2 - 3. Let j be y(-5). Let b be ((-20)/6)/(j/(-1155)). What is the highest common divisor of b and 25?
25
Let l = -5 + 7. Let n be (-20)/l*(5 + -6). Suppose 0 = -4*c + 8*c + 3*i - 369, 4*c - 3*i - 351 = 0. Calculate the highest common divisor of c and n.
10
Let d be 14/49*28/2. Let z be (d - -3)*(-5 - -7). Let p(c) = 3*c**2 + 4*c - 6. Let l be p(-8). Calculate the highest common factor of l and z.
14
Let m(c) = -2*c**3 - 19*c**2 + 32*c - 8. Let j be m(-12). What is the highest common factor of 16 and j?
8
Suppose -n + 5*l + 387 = 0, 3*l + 8 = -1. Calculate the greatest common divisor of n and 62.
62
Suppose 33*l = -4*l + 4070. What is the greatest common factor of 20 and l?
10
Let w be (1079 - 0) + 3*(-6)/(-9). Calculate the highest common factor of 47 and w.
47
Let v(m) = -19*m + 11. Let a be v(-52). What is the highest common factor of 27 and a?
27
Suppose -29*v + 1713 = -1767. Calculate the greatest common factor of 48 and v.
24
Let h(i) = -6*i**3 + 10*i**2 + 7*i - 2. Let l be h(-1). What is the greatest common divisor of 1 and l?
1
Let q(u) = -u**3 - 20*u**2 + 40*u - 60. Let m be q(-22). Calculate the greatest common factor of 532 and m.
28
Suppose 113 = 4*m + 1. What is the greatest common factor of 1106 and m?
14
Let a(g) = -12*g**3 - g - 8. Let t be a(-2). Calculate the highest common factor of t and 18.
18
Let f(j) = -j - 26. Let k be 7*19/((-266)/60). Let n be f(k). Let i(w) = 2*w**2 + 2*w. Let s be i(-2). What is the greatest common factor of s and n?
4
Suppose t - 1 = 1. Let o be (-30)/4 + (-1)/(-2). Let x(n) = n + 10. Let s be x(o). What is the greatest common factor of t and s?
1
Let k(m) = 2*m**3 - 2*m**2 - 2*m + 3. Let a be k(4). Let l(c) = 2*c**3 - 20*c**2 + 51*c - 5. Let z be l(6). What is the highest common divisor of z and a?
13
Suppose -5*y - y = -342. Suppose 5*z - 3 = y. Calculate the greatest common factor of z and 3.
3
Let j = 580 + -344. What is the highest common factor of j and 59?
59
Suppose -5*g + 33 - 8 = 0. Suppose -2*c = -2*x + x + g, -5*x + 4*c = -43. Calculate the highest common factor of 77 and x.
11
Let w(k) = 14*k - 34. Let p be w(3). Calculate the highest common factor of 32 and p.
8
Let w be (-174)/4*2/(-3). Suppose -4*r + 35 = -w. Suppose c - 27 = -5*g + 54, 2*c + 14 = g. What is the greatest common divisor of g and r?
16
Let d(x) = 27*x**2 - x. Suppose -2*y - y - 2*j = 0, y + 5*j = 13. Let n be 